Suppose 3*w - 7*w + 8 = 0. Suppose 4*q - 190 = -2*i, -w*q - 89 - 164 = -3*i. What is the units digit of i?
7
Suppose -2 = 2*i - 10. Suppose 4*g + n - 22 - 2 = 0, 5*g - i*n = 30. Suppose -3*v + h + 86 = 0, 10 = -5*v + g*v - 5*h. What is the units digit of v?
0
Suppose 3*a + 81 = 3*v, 4*v = -4*a - 31 - 53. Let c be (-4)/(-6)*(-39)/(-1). Let x = a + c. What is the units digit of x?
2
Suppose 2*a + 913 - 4287 = 0. What is the thousands digit of a?
1
Suppose 2*r - 3*i = 1891, 0 = -2*r - 6*i + 5*i + 1879. What is the units digit of r?
1
Let h be (-16)/120 + 124/30. Suppose -1168 = -h*t + 5*s, -3*s - 899 = -3*t - 5*s. What is the tens digit of t?
9
Let z(k) = -4*k - 3. Let w be z(-2). Suppose 4*u - 16 = -a - a, -3*u - 5*a = -w. Suppose -u*i + 190 = 25. What is the tens digit of i?
3
Let k(t) = -2*t**2 + 1 + 0*t**2 - 2*t + 4*t**2 - t**3 + 3. Let c be k(0). Suppose 264 = c*x - 0*x. What is the units digit of x?
6
Suppose -j - 29 - 219 = -5*f, -102 = -2*f - j. Let v = 167 - f. What is the hundreds digit of v?
1
What is the tens digit of ((-3447)/(-15))/(8/((-240)/(-9)))?
6
Suppose 2*a - 3*d = -85, 10*d - 5*d + 125 = -2*a. Let o = -8 - a. What is the tens digit of o?
4
Suppose 5*i = -h + 2315, 5*h + 4*i - 2495 = 8975. What is the tens digit of h?
9
Suppose u = -3*u + 8. Suppose u*d = -0*d. Suppose 123 = -3*x + 7*x + 3*q, d = 3*x - 2*q - 105. What is the tens digit of x?
3
Suppose 537 = -2*b + 5153. What is the hundreds digit of b?
3
Let p(h) be the second derivative of 7*h**3/6 + 2*h**2 + 7*h. What is the tens digit of p(5)?
3
Suppose -s = -t + 26 + 15, -57 = s + 3*t. What is the units digit of s/6*6/(-5)?
9
Let r = 0 - 6. What is the units digit of 9/r*470/(-15)?
7
Let v = 7 + -23. Let k = v - -22. Suppose -k*y - 206 = -5*j - 2*y, 5 = 5*y. What is the tens digit of j?
4
Let x(z) = -z**3 + 9*z**2 - 9*z - 2. Suppose -4*j + 3*j = -5. What is the tens digit of x(j)?
5
Let p(u) = -2*u + 30. Suppose -d + 29 = d + 3*h, 2*h + 11 = 3*d. Let l(g) = -g + 7. Let i be l(d). What is the tens digit of p(i)?
3
What is the thousands digit of (-8596 + 2 - -2)*7/(-14)?
4
Suppose 20 + 54 = -g + 4*y, -5*g - 2*y - 436 = 0. Let l = g + 169. What is the units digit of l?
3
Let q be 2 + 0 - (1 + 2). What is the tens digit of 3042/54 + q/3?
5
Suppose 2*m - 47 = 37. Let c = m + 133. What is the hundreds digit of c?
1
Let y = -11 + 12. What is the units digit of 21 + (-8 - -4) - y?
6
Suppose 0 = -0*g + g + 7. Let b(r) be the third derivative of -r**4/8 - 4*r**3/3 + 14*r**2. What is the tens digit of b(g)?
1
Suppose 0 = -i + 3 - 1. Suppose 0 = z - i*z + t + 71, 5*z - 379 = -3*t. What is the units digit of z?
4
What is the units digit of (-12)/(-7)*(-3157)/(-22)?
6
Let p = 25 + -22. Suppose l + p + 0 = -4*x, l = 5*x - 3. Suppose x = -4*o + 92 - 24. What is the units digit of o?
7
Let u be (-1 - -21)*((-54)/(-10) + -5). Suppose -u*t + 477 + 1315 = 0. What is the units digit of t?
4
Let l(c) = 4*c**2 - 16*c - 6. Let s(i) = -11*i**2 + 47*i + 19. Let y(j) = -8*l(j) - 3*s(j). What is the tens digit of y(19)?
0
Suppose 13*d - 13112 = 6297. What is the thousands digit of d?
1
Let i = -617 + 1322. What is the tens digit of i?
0
Suppose 2066 = -o + 3*o - 4*r, 0 = -3*o - 2*r + 3091. Suppose -4*y + 3*j = -841, -6*y - 3*j = -y - o. What is the units digit of y?
8
Suppose -5*z + 37 = -i, 2*z - 22 = 7*i - 3*i. Let d(o) = o**3 - 6*o**2 - 7*o + 1. Let m be d(z). What is the units digit of m/(1*(-1)/(-17))?
7
What is the hundreds digit of (-38853)/(-21) + (-25)/175?
8
Suppose -5*v + 2*r - 12 = -v, 0 = 2*v - 5*r + 14. What is the tens digit of (-1 - -60) + v*6/(-4)?
6
Suppose 0 = -7*s + 4323 - 1201. What is the hundreds digit of s?
4
Let n(o) = -o**3 + 4*o**2 - o - 7. Let h be n(5). Let v = h + 61. Suppose -2 + v = q. What is the tens digit of q?
2
Let a be 48/(-24)*((-9)/(-2))/(-3). Let k(w) = -3*w - 1. Let r be k(-1). Suppose -3*q = r*o - 55, -a*q + 0*o = -2*o - 71. What is the tens digit of q?
2
Suppose 10*r = 11*r + 250. Let g = 400 + r. What is the tens digit of g?
5
Let d = -12 - -16. Suppose -5*i + 19 = d. Suppose t = 2*u - 4, 10 = 2*t + 3*u - i. What is the units digit of t?
2
Suppose -2*t = o - 4, 2*o - 8 = -t - 0*t. Suppose -o*p = -0*p. Let y(u) = u + 28. What is the tens digit of y(p)?
2
Let y be (1 + 3 - 3) + 20. Suppose -z - 9 = -j, -6*j + 2*j - z = -y. What is the units digit of j?
6
What is the units digit of 4/24*6 + 757?
8
Let z be (-4)/16 + (-17)/(-4). Let g = z + 8. Suppose y - 6 = g. What is the units digit of y?
8
Let b = 28 + -22. Suppose 0 = q + 3*s - b, -4*q - 2 = -5*q - 5*s. Suppose -q = -3*x, -2*z + 100 = x + 28. What is the units digit of z?
4
Let n(y) = -y**2 - 13*y + 7. Let p(q) = -q**2 - 14*q + 6. Let l(s) = -6*n(s) + 5*p(s). What is the units digit of l(-10)?
8
Suppose 3*v = 5*m - 49, -m + 0*m + 2 = 2*v. Suppose -2*r - 2 = 3*o, -4*o - 5*r = -1 + 13. What is the units digit of (-20)/m*(-4 + o)?
5
Let m(s) be the third derivative of s**3 - 1/4*s**4 + 0 + 0*s - 3*s**2. What is the units digit of m(-3)?
4
Let b(c) = 133*c**2 - 7*c + 17. What is the units digit of b(2)?
5
Let h be 3/(-1)*(-7 - -6). Suppose -3*m - 15 = -h*r, 3*r + 4 = -4*m - r. Let l = m - -13. What is the units digit of l?
0
Let x be (-1 + 1 + 3)*-2. Let b be ((-200)/6)/(22/(-33)). What is the tens digit of b/6*x/(-2)?
2
Let n(q) = q**3 + 8*q**2 + 7*q - 1. Let o be n(-7). Let i = o + 3. Suppose i*k + 372 = 8*k. What is the tens digit of k?
6
Suppose 3*o + 7 = -2*t, -o + 4*t + 21 = -0*o. Let b(x) = x. Let g be b(2). Suppose -71 = -g*v + o. What is the units digit of v?
6
What is the tens digit of 13436/14 + 3/(-63)*-6?
6
Let x(g) = 103*g**2 - g + 2. Let z be x(1). Suppose -2*l - z + 30 = 0. Let v = l - -81. What is the tens digit of v?
4
Suppose -3*n = 3*p, 2*p - 2*n = -3*p + 21. Suppose -p*w = -w - 12. Suppose -2*l + 54 = 4*s, 0 = -w*l + 3*l - s + 61. What is the units digit of l?
9
What is the hundreds digit of 17913/21*(0 - -1)?
8
Suppose 7*h = 13*h + 24. What is the tens digit of ((-1)/(-2))/(h/(-528)*2)?
3
Let q(p) = 20*p - 22. Let c be q(-10). Let k = c + 356. What is the tens digit of k?
3
Let j = -1746 + 2952. What is the thousands digit of j?
1
Suppose -6*x - 44 = -14. What is the tens digit of 332/10 + x/25?
3
Suppose 2*u + 4 = 0, 4*v + 2*u + 924 = -12. Let m = v - -395. What is the units digit of m?
2
Suppose 5*y = 14 - 4. Suppose 5*o = t - 468, -2*t = 2 + y. Let l = -51 - o. What is the tens digit of l?
4
What is the tens digit of 197/(-2)*(48/8)/(-3)?
9
Suppose -3*f = 15*w - 12*w - 1383, -5*f = -w - 2311. What is the tens digit of f?
6
Let j(i) = -3 + i**2 + 4*i + 0*i**2 + 0*i**2. Let q be j(-7). Suppose f + 3 - q = 0. What is the tens digit of f?
1
Suppose g + 3*g = -k - 2, k + 26 = 2*g. Let w = k + 15. Let y = 12 - w. What is the units digit of y?
5
Let a be 858/(-5) - (-6)/(-15). Let l = a + 330. Suppose l = 5*y + i, -5*y - 5*i + 2*i = -154. What is the tens digit of y?
3
Let p(z) = -z**3 + 15*z**2 - 5*z + 73. What is the units digit of p(12)?
5
Suppose 11*d - 1140 = 53475. What is the thousands digit of d?
4
Suppose 0 = 115*t - 114*t - 3*w - 4598, 0 = 2*w + 6. What is the units digit of t?
9
Let g = 60 - 61. What is the hundreds digit of (g + 2)/(4/48)*9?
1
Let z(m) = 3*m**2 - 2*m - 20. What is the hundreds digit of z(-10)?
3
Let h(j) be the first derivative of 45*j**2 + j + 24. What is the units digit of h(1)?
1
What is the units digit of 1*215 - (-12)/(-10 + 16)?
7
What is the hundreds digit of (974/9)/(8/72)?
9
Suppose -12*p = -8*p - 8. Suppose 0 = 2*z - p - 8. What is the units digit of z?
5
Let h(u) = -u - 14. Let q be h(-10). Let i(v) = -v**2 - 4*v + 4. Let x be i(q). Suppose 228 = x*d + z - 6*z, -2*d + 5*z + 114 = 0. What is the tens digit of d?
5
Let r be 5 - 3 - 3 - -1. Suppose 330 = 6*b - r*b. What is the units digit of b?
5
Suppose 4*r + 56 - 4 = 0. Let x(m) = -m**3 - 14*m**2 - 12*m + 13. Let g be x(r). Suppose 0 = b, a - 4*b - 1 - 4 = g. What is the units digit of a?
5
Let k be ((-12)/24)/(1/18). Let o = -7 - k. Suppose -f + 5*y + 25 = o*f, -3*f - 4*y + 7 = 0. What is the units digit of f?
5
Suppose 0 = a - 2*f - 1216, a - 3*f = -6*f + 1196. What is the hundreds digit of a?
2
What is the units digit of -12*2/(-48) - (-1097)/2?
9
Let a(t) = 29*t**2 - 32*t - 188. What is the th